{"id":1020,"date":"2020-12-07T13:16:11","date_gmt":"2020-12-07T12:16:11","guid":{"rendered":"http:\/\/massy-verrieres.catho91.fr\/?page_id=1020"},"modified":"2021-11-15T14:25:07","modified_gmt":"2021-11-15T13:25:07","slug":"movt_eglise_spirituels","status":"publish","type":"page","link":"https:\/\/massy-verrieres.catho91.fr\/index.php\/movt_eglise_spirituels\/","title":{"rendered":"Mvts spirituels"},"content":{"rendered":"\t\t<div data-elementor-type=\"wp-page\" data-elementor-id=\"1020\" class=\"elementor elementor-1020\">\n\t\t\t\t\t\t<section class=\"elementor-section elementor-top-section elementor-element elementor-element-d4dbcfe elementor-section-boxed elementor-section-height-default elementor-section-height-default\" data-id=\"d4dbcfe\" data-element_type=\"section\" data-settings=\"{&quot;background_background&quot;:&quot;classic&quot;}\">\n\t\t\t\t\t\t<div class=\"elementor-container elementor-column-gap-default\">\n\t\t\t\t\t<div class=\"elementor-column elementor-col-33 elementor-top-column elementor-element elementor-element-265b25d\" data-id=\"265b25d\" data-element_type=\"column\">\n\t\t\t<div class=\"elementor-widget-wrap elementor-element-populated\">\n\t\t\t\t\t\t<div class=\"elementor-element elementor-element-6917733 elementor-widget elementor-widget-image\" data-id=\"6917733\" data-element_type=\"widget\" data-widget_type=\"image.default\">\n\t\t\t\t<div class=\"elementor-widget-container\">\n\t\t\t\t\t\t\t\t\t\t\t\t\t<img fetchpriority=\"high\" decoding=\"async\" width=\"768\" height=\"768\" src=\"https:\/\/massy-verrieres.catho91.fr\/wp-content\/uploads\/2020\/12\/activites01.png\" class=\"attachment-full size-full wp-image-1272\" alt=\"\" srcset=\"https:\/\/massy-verrieres.catho91.fr\/wp-content\/uploads\/2020\/12\/activites01.png 768w, https:\/\/massy-verrieres.catho91.fr\/wp-content\/uploads\/2020\/12\/activites01-300x300.png 300w, https:\/\/massy-verrieres.catho91.fr\/wp-content\/uploads\/2020\/12\/activites01-150x150.png 150w\" sizes=\"(max-width: 768px) 100vw, 768px\" \/>\t\t\t\t\t\t\t\t\t\t\t\t\t<\/div>\n\t\t\t\t<\/div>\n\t\t\t\t\t<\/div>\n\t\t<\/div>\n\t\t\t\t<div class=\"elementor-column elementor-col-66 elementor-top-column elementor-element elementor-element-a78665d\" data-id=\"a78665d\" data-element_type=\"column\">\n\t\t\t<div class=\"elementor-widget-wrap elementor-element-populated\">\n\t\t\t\t\t\t<div class=\"elementor-element elementor-element-cee6280 elementor-widget-divider--view-line_text elementor-widget-divider--element-align-center elementor-widget elementor-widget-divider\" data-id=\"cee6280\" data-element_type=\"widget\" data-widget_type=\"divider.default\">\n\t\t\t\t<div class=\"elementor-widget-container\">\n\t\t\t\t\t<div class=\"elementor-divider\">\n\t\t\t<span class=\"elementor-divider-separator\">\n\t\t\t\t\t\t\t<span class=\"elementor-divider__text elementor-divider__element\">\n\t\t\t\tLes activit\u00e9s\ndu secteur\t\t\t\t<\/span>\n\t\t\t\t\t\t<\/span>\n\t\t<\/div>\n\t\t\t\t<\/div>\n\t\t\t\t<\/div>\n\t\t\t\t\t<\/div>\n\t\t<\/div>\n\t\t\t\t\t<\/div>\n\t\t<\/section>\n\t\t\t\t<section class=\"elementor-section elementor-top-section elementor-element elementor-element-61e57eb1 elementor-section-boxed elementor-section-height-default elementor-section-height-default\" data-id=\"61e57eb1\" data-element_type=\"section\">\n\t\t\t\t\t\t<div class=\"elementor-container elementor-column-gap-default\">\n\t\t\t\t\t<div class=\"elementor-column elementor-col-100 elementor-top-column elementor-element elementor-element-2bb01eb8\" data-id=\"2bb01eb8\" data-element_type=\"column\" data-settings=\"{&quot;background_background&quot;:&quot;classic&quot;}\">\n\t\t\t<div class=\"elementor-widget-wrap elementor-element-populated\">\n\t\t\t\t\t\t<div class=\"elementor-element elementor-element-5345e608 elementor-position-right elementor-vertical-align-top elementor-widget elementor-widget-image-box\" data-id=\"5345e608\" data-element_type=\"widget\" data-widget_type=\"image-box.default\">\n\t\t\t\t<div class=\"elementor-widget-container\">\n\t\t\t<div class=\"elementor-image-box-wrapper\"><figure class=\"elementor-image-box-img\"><img decoding=\"async\" width=\"800\" height=\"800\" src=\"https:\/\/massy-verrieres.catho91.fr\/wp-content\/uploads\/2021\/10\/blanc.jpg\" class=\"attachment-full size-full wp-image-1939\" alt=\"\" srcset=\"https:\/\/massy-verrieres.catho91.fr\/wp-content\/uploads\/2021\/10\/blanc.jpg 800w, https:\/\/massy-verrieres.catho91.fr\/wp-content\/uploads\/2021\/10\/blanc-300x300.jpg 300w, https:\/\/massy-verrieres.catho91.fr\/wp-content\/uploads\/2021\/10\/blanc-150x150.jpg 150w, https:\/\/massy-verrieres.catho91.fr\/wp-content\/uploads\/2021\/10\/blanc-768x768.jpg 768w\" sizes=\"(max-width: 800px) 100vw, 800px\" \/><\/figure><div class=\"elementor-image-box-content\"><h3 class=\"elementor-image-box-title\">Mouvements d'\u00c9glise spirituels\u200b<\/h3><p class=\"elementor-image-box-description\">A l\u2019\u00e2ge adulte, il est bon de prendre soin de sa vie chr\u00e9tienne, qui ne peut se limiter \u00e0 la messe dominicale. <br>Bien des mouvements sont ouverts pour vous aider \u00e0 \u00e9panouir votre foi selon vos sensibilit\u00e9s&nbsp;:<\/p><\/div><\/div>\t\t<\/div>\n\t\t\t\t<\/div>\n\t\t\t\t<div class=\"elementor-element elementor-element-4ea10896 elementor-widget elementor-widget-text-editor\" data-id=\"4ea10896\" data-element_type=\"widget\" data-widget_type=\"text-editor.default\">\n\t\t\t\t<div class=\"elementor-widget-container\">\n\t\t\t\t\t\t\t<ul><li>Mouvement Chr\u00e9tien des Cadres et Dirigeants\u00a0: <a href=\"https:\/\/www.mcc.asso.fr\" target=\"_blank\" rel=\"noopener\">https:\/\/www.mcc.asso.fr<\/a><\/li><\/ul><ul><li>Entrepreneurs et Dirigeants chr\u00e9tiens\u00a0: <a href=\"https:\/\/www.lesedc.org\" target=\"_blank\" rel=\"noopener\">https:\/\/www.lesedc.org<\/a><\/li><\/ul><ul><li>Action Catholique Ind\u00e9pendante\u00a0: <a href=\"https:\/\/www.acifrance.com\" target=\"_blank\" rel=\"noopener\">https:\/\/www.acifrance.com<\/a><\/li><\/ul><ul><li>Action Catholique Ouvri\u00e8re\u00a0: <a href=\"https:\/\/acofrance.fr\" target=\"_blank\" rel=\"noopener\">https:\/\/acofrance.fr<\/a><\/li><\/ul><ul><li>L\u2019Emmanuel\u00a0: <a href=\"https:\/\/emmanuel.info\" target=\"_blank\" rel=\"noopener\">https:\/\/emmanuel.info<\/a><\/li><\/ul><ul><li>\u00c9quipes Notre-Dame\u00a0: <a href=\"https:\/\/www.equipes-notre-dame.fr\" target=\"_blank\" rel=\"noopener\">https:\/\/www.equipes-notre-dame.fr<\/a><\/li><\/ul><ul><li>Mouvement Chr\u00e9tien des Retrait\u00e9s\u00a0: <a href=\"https:\/\/mcr.asso.fr\" target=\"_blank\" rel=\"noopener\">https:\/\/mcr.asso.fr<\/a><\/li><\/ul><ul><li>Esp\u00e9rance et Vie\u00a0: <a href=\"https:\/\/www.esperanceetvie.com\" target=\"_blank\" rel=\"noopener\">https:\/\/www.esperanceetvie.com<\/a><\/li><\/ul>\t\t\t\t\t\t<\/div>\n\t\t\t\t<\/div>\n\t\t\t\t\t<\/div>\n\t\t<\/div>\n\t\t\t\t\t<\/div>\n\t\t<\/section>\n\t\t\t\t<section class=\"elementor-section elementor-top-section elementor-element elementor-element-3e28deb5 elementor-section-boxed elementor-section-height-default elementor-section-height-default\" data-id=\"3e28deb5\" data-element_type=\"section\">\n\t\t\t\t\t\t<div class=\"elementor-container elementor-column-gap-default\">\n\t\t\t\t\t<div class=\"elementor-column elementor-col-100 elementor-top-column elementor-element elementor-element-4b766edd\" data-id=\"4b766edd\" data-element_type=\"column\">\n\t\t\t<div class=\"elementor-widget-wrap elementor-element-populated\">\n\t\t\t\t\t\t<div class=\"elementor-element elementor-element-d5d15c9 elementor-widget-divider--view-line elementor-widget elementor-widget-divider\" data-id=\"d5d15c9\" data-element_type=\"widget\" data-widget_type=\"divider.default\">\n\t\t\t\t<div class=\"elementor-widget-container\">\n\t\t\t\t\t<div class=\"elementor-divider\">\n\t\t\t<span class=\"elementor-divider-separator\">\n\t\t\t\t\t\t<\/span>\n\t\t<\/div>\n\t\t\t\t<\/div>\n\t\t\t\t<\/div>\n\t\t\t\t<div class=\"elementor-element elementor-element-6cb870d2 elementor-widget elementor-widget-heading\" data-id=\"6cb870d2\" data-element_type=\"widget\" data-widget_type=\"heading.default\">\n\t\t\t\t<div class=\"elementor-widget-container\">\n\t\t\t<h2 class=\"elementor-heading-title elementor-size-default\"><a href=\"http:\/\/massy-verrieres.catho91.fr\/index.php\/les-activites\/\">Retour \u00e0 la liste des activit\u00e9s<\/a><\/h2>\t\t<\/div>\n\t\t\t\t<\/div>\n\t\t\t\t\t<\/div>\n\t\t<\/div>\n\t\t\t\t\t<\/div>\n\t\t<\/section>\n\t\t\t\t<\/div>\n\t\t","protected":false},"excerpt":{"rendered":"<p>Les activit\u00e9s du secteur Mouvements d&#8217;\u00c9glise spirituels\u200b A l\u2019\u00e2ge adulte, il est bon de prendre soin de sa vie chr\u00e9tienne, qui ne peut se limiter \u00e0 la messe dominicale. Bien des mouvements sont ouverts pour vous aider \u00e0 \u00e9panouir votre foi selon vos sensibilit\u00e9s&nbsp;: Mouvement Chr\u00e9tien des Cadres et Dirigeants\u00a0: https:\/\/www.mcc.asso.fr Entrepreneurs et Dirigeants chr\u00e9tiens\u00a0: &hellip;<\/p>\n<p class=\"read-more\"> <a class=\"\" href=\"https:\/\/massy-verrieres.catho91.fr\/index.php\/movt_eglise_spirituels\/\"> <span class=\"screen-reader-text\">Mvts spirituels<\/span> Lire la suite \u00bb<\/a><\/p>\n","protected":false},"author":1,"featured_media":0,"parent":0,"menu_order":0,"comment_status":"closed","ping_status":"closed","template":"","meta":{"_mc_calendar":[],"footnotes":""},"_links":{"self":[{"href":"https:\/\/massy-verrieres.catho91.fr\/index.php\/wp-json\/wp\/v2\/pages\/1020"}],"collection":[{"href":"https:\/\/massy-verrieres.catho91.fr\/index.php\/wp-json\/wp\/v2\/pages"}],"about":[{"href":"https:\/\/massy-verrieres.catho91.fr\/index.php\/wp-json\/wp\/v2\/types\/page"}],"author":[{"embeddable":true,"href":"https:\/\/massy-verrieres.catho91.fr\/index.php\/wp-json\/wp\/v2\/users\/1"}],"replies":[{"embeddable":true,"href":"https:\/\/massy-verrieres.catho91.fr\/index.php\/wp-json\/wp\/v2\/comments?post=1020"}],"version-history":[{"count":33,"href":"https:\/\/massy-verrieres.catho91.fr\/index.php\/wp-json\/wp\/v2\/pages\/1020\/revisions"}],"predecessor-version":[{"id":3455,"href":"https:\/\/massy-verrieres.catho91.fr\/index.php\/wp-json\/wp\/v2\/pages\/1020\/revisions\/3455"}],"wp:attachment":[{"href":"https:\/\/massy-verrieres.catho91.fr\/index.php\/wp-json\/wp\/v2\/media?parent=1020"}],"curies":[{"name":"wp","href":"https:\/\/api.w.org\/{rel}","templated":true}]}}