{"id":1067,"date":"2020-12-07T13:29:35","date_gmt":"2020-12-07T12:29:35","guid":{"rendered":"http:\/\/massy-verrieres.catho91.fr\/?page_id=1067"},"modified":"2022-11-21T11:36:22","modified_gmt":"2022-11-21T10:36:22","slug":"confession","status":"publish","type":"page","link":"https:\/\/massy-verrieres.catho91.fr\/index.php\/confession\/","title":{"rendered":"Confession"},"content":{"rendered":"\t\t<div data-elementor-type=\"wp-page\" data-elementor-id=\"1067\" class=\"elementor elementor-1067\">\n\t\t\t\t\t\t<section class=\"elementor-section elementor-top-section elementor-element elementor-element-b3dd987 elementor-section-boxed elementor-section-height-default elementor-section-height-default\" data-id=\"b3dd987\" data-element_type=\"section\" data-settings=\"{&quot;background_background&quot;:&quot;classic&quot;}\">\n\t\t\t\t\t\t<div class=\"elementor-container elementor-column-gap-default\">\n\t\t\t\t\t<div class=\"elementor-column elementor-col-33 elementor-top-column elementor-element elementor-element-95fd13b\" data-id=\"95fd13b\" data-element_type=\"column\">\n\t\t\t<div class=\"elementor-widget-wrap elementor-element-populated\">\n\t\t\t\t\t\t<div class=\"elementor-element elementor-element-facf67b elementor-widget elementor-widget-image\" data-id=\"facf67b\" data-element_type=\"widget\" data-widget_type=\"image.default\">\n\t\t\t\t<div class=\"elementor-widget-container\">\n\t\t\t\t\t\t\t\t\t\t\t\t\t<img fetchpriority=\"high\" decoding=\"async\" width=\"768\" height=\"767\" src=\"https:\/\/massy-verrieres.catho91.fr\/wp-content\/uploads\/2020\/12\/etapes01.png\" class=\"attachment-full size-full wp-image-1263\" alt=\"\" srcset=\"https:\/\/massy-verrieres.catho91.fr\/wp-content\/uploads\/2020\/12\/etapes01.png 768w, https:\/\/massy-verrieres.catho91.fr\/wp-content\/uploads\/2020\/12\/etapes01-300x300.png 300w, https:\/\/massy-verrieres.catho91.fr\/wp-content\/uploads\/2020\/12\/etapes01-150x150.png 150w\" sizes=\"(max-width: 768px) 100vw, 768px\" \/>\t\t\t\t\t\t\t\t\t\t\t\t\t<\/div>\n\t\t\t\t<\/div>\n\t\t\t\t\t<\/div>\n\t\t<\/div>\n\t\t\t\t<div class=\"elementor-column elementor-col-66 elementor-top-column elementor-element elementor-element-57e5ca7\" data-id=\"57e5ca7\" data-element_type=\"column\">\n\t\t\t<div class=\"elementor-widget-wrap elementor-element-populated\">\n\t\t\t\t\t\t<div class=\"elementor-element elementor-element-f86a26a elementor-widget-divider--view-line_text elementor-widget-divider--element-align-center elementor-widget elementor-widget-divider\" data-id=\"f86a26a\" data-element_type=\"widget\" data-widget_type=\"divider.default\">\n\t\t\t\t<div class=\"elementor-widget-container\">\n\t\t\t\t\t<div class=\"elementor-divider\">\n\t\t\t<span class=\"elementor-divider-separator\">\n\t\t\t\t\t\t\t<span class=\"elementor-divider__text elementor-divider__element\">\n\t\t\t\tLes \u00e9tapes de<br>la vie de foi\t\t\t\t<\/span>\n\t\t\t\t\t\t<\/span>\n\t\t<\/div>\n\t\t\t\t<\/div>\n\t\t\t\t<\/div>\n\t\t\t\t\t<\/div>\n\t\t<\/div>\n\t\t\t\t\t<\/div>\n\t\t<\/section>\n\t\t\t\t<section class=\"elementor-section elementor-top-section elementor-element elementor-element-35641db elementor-section-boxed elementor-section-height-default elementor-section-height-default\" data-id=\"35641db\" data-element_type=\"section\">\n\t\t\t\t\t\t<div class=\"elementor-container elementor-column-gap-default\">\n\t\t\t\t\t<div class=\"elementor-column elementor-col-100 elementor-top-column elementor-element elementor-element-ebea119\" data-id=\"ebea119\" data-element_type=\"column\" data-settings=\"{&quot;background_background&quot;:&quot;classic&quot;}\">\n\t\t\t<div class=\"elementor-widget-wrap elementor-element-populated\">\n\t\t\t\t\t\t<div class=\"elementor-element elementor-element-e918266 elementor-position-right elementor-vertical-align-top elementor-widget elementor-widget-image-box\" data-id=\"e918266\" data-element_type=\"widget\" data-widget_type=\"image-box.default\">\n\t\t\t\t<div class=\"elementor-widget-container\">\n\t\t\t<div class=\"elementor-image-box-wrapper\"><figure class=\"elementor-image-box-img\"><img decoding=\"async\" width=\"845\" height=\"321\" src=\"https:\/\/massy-verrieres.catho91.fr\/wp-content\/uploads\/2020\/08\/confession-2.png\" class=\"attachment-full size-full wp-image-82\" alt=\"\" srcset=\"https:\/\/massy-verrieres.catho91.fr\/wp-content\/uploads\/2020\/08\/confession-2.png 845w, https:\/\/massy-verrieres.catho91.fr\/wp-content\/uploads\/2020\/08\/confession-2-300x114.png 300w, https:\/\/massy-verrieres.catho91.fr\/wp-content\/uploads\/2020\/08\/confession-2-768x292.png 768w\" sizes=\"(max-width: 845px) 100vw, 845px\" \/><\/figure><div class=\"elementor-image-box-content\"><h3 class=\"elementor-image-box-title\">La R\u00e9conciliation<\/h3><p class=\"elementor-image-box-description\">Ayant ainsi parl\u00e9, il souffla sur eux et il leur dit : \u00ab <i>Recevez l'Esprit Saint. \u00c0 qui vous remettrez ses p\u00e9ch\u00e9s, ils seront remis ; \u00e0 qui vous maintiendrez ses p\u00e9ch\u00e9s, ils seront maintenus<\/i>. \u00bb   (Jn 20, 21-23)<\/p><\/div><\/div>\t\t<\/div>\n\t\t\t\t<\/div>\n\t\t\t\t<div class=\"elementor-element elementor-element-785926f elementor-widget elementor-widget-text-editor\" data-id=\"785926f\" data-element_type=\"widget\" data-widget_type=\"text-editor.default\">\n\t\t\t\t<div class=\"elementor-widget-container\">\n\t\t\t\t\t\t\t<p>La confession (ou la r\u00e9conciliation) doit commencer par un examen de conscience au cours duquel le p\u00e9nitent fait le point sur ses faiblesses, ses manques d\u2019amour, ses \u00e9go\u00efsmes et toutes ces choses qui minent le quotidien de chacun d\u2019entre nous.<\/p><p>Il est tr\u00e8s important de pouvoir \u00ab verbaliser \u00bb toutes ces choses qui nous emp\u00eachent d\u2019avancer, faute de quoi nous pourrions nous y habituer ; le pr\u00eatre est l\u00e0 pour nous entendre, en toute compassion et amour.<\/p><p>Une fois nos faiblesses expos\u00e9es avec sinc\u00e9rit\u00e9, le pr\u00eatre nous pardonne au nom du Christ.<\/p><p>En nous reconnaissant p\u00e9cheur, nous croyons que l\u2019amour infini de Dieu est toujours le plus fort.<\/p><p>\u00a0<\/p>\t\t\t\t\t\t<\/div>\n\t\t\t\t<\/div>\n\t\t\t\t<div class=\"elementor-element elementor-element-414c604 elementor-widget elementor-widget-text-editor\" data-id=\"414c604\" data-element_type=\"widget\" data-widget_type=\"text-editor.default\">\n\t\t\t\t<div class=\"elementor-widget-container\">\n\t\t\t\t\t\t\t<p><span style=\"text-decoration: underline;\"><strong>D\u00e9roulement de la confession<\/strong><\/span><\/p><p>Il est toujours possible de venir &#8220;comme on est&#8221;, sans conna\u00eetre les pri\u00e8res et sans employer les bons mots &#8211; Dieu n&#8217;a pas besoin d&#8217;entendre des formules mais veut entendre le coeur de celui qui vient \u00e0 lui !<\/p><p>Toutefois, la confession a un rituel recommand\u00e9 :<\/p><ul><li>Le pr\u00eatre b\u00e9nit le p\u00e9nitent,<\/li><li>Celui-ci formule ses p\u00e9ch\u00e9s ; il est bon de dire le plus important en premier<\/li><li>Le pr\u00eatre donne quelques conseils, des encouragements et propose une d\u00e9marche \u00e0 faire (souvent un temps de pri\u00e8re) pour aider \u00e0 avancer, \u00e0 se rapprocher de Dieu,<\/li><li>Le p\u00e9nitent dis alors sont acte de contrition, acte par lequel il exprime le regret de ses fautes et demande \u00e0 Dieu son pardon.<br \/>&#8220;<i>Mon Dieu j&#8217;ai un tr\u00e8s grand regret de t&#8217;avoir offens\u00e9, parce que tu es infiniment bon,<br \/>infiniment aimable et que le p\u00e9ch\u00e9 te d\u00e9pla\u00eet. Je prends la ferme r\u00e9solution avec le secours de<br \/>ta sainte gr\u00e2ce de ne plus t&#8217;offenser et de faire p\u00e9nitence.<\/i>&#8220;<br \/>ou &#8220;<i>Mon Dieu, j\u2019ai p\u00e9ch\u00e9 contre Toi et contre mes fr\u00e8res, mais pr\u00e8s de toi se trouve le<br \/>pardon. Accueille mon repentir et donne-moi la force de vivre selon Ton amour.<\/i>&#8220;<\/li><li>le p\u00e9nitent se met \u00e0 genoux\u00a0 et le pr\u00eatre lui donne l&#8217;absolution : \u00ab <i>Que Dieu notre P\u00e8re te montre sa mis\u00e9ricorde ! Par la mort et la R\u00e9surrection de son Fils, Il a r\u00e9concili\u00e9<br \/>le monde avec lui et Il a envoy\u00e9 l\u2019Esprit Saint pour la r\u00e9mission des p\u00e9ch\u00e9s ; par le minist\u00e8re de l\u2019\u00c9glise, qu\u2019&#8217;Il te donne le pardon et la paix ! Et moi, au nom du P\u00e8re et du Fils et du SaintEsprit, je te pardonne tous tes p\u00e9ch\u00e9s<\/i> \u00bb.<\/li><li>Le p\u00e9nitent r\u00e9pond &#8220;<i>AMEN<\/i>&#8220;, et fait ton signe de croix,<\/li><li>Le p\u00e9nitent prend 2 min pour rendre gr\u00e2ce \u00e0 Dieu.<\/li><\/ul>\t\t\t\t\t\t<\/div>\n\t\t\t\t<\/div>\n\t\t\t\t\t<\/div>\n\t\t<\/div>\n\t\t\t\t\t<\/div>\n\t\t<\/section>\n\t\t\t\t<section class=\"elementor-section elementor-top-section elementor-element elementor-element-ef9ce9a elementor-section-boxed elementor-section-height-default elementor-section-height-default\" data-id=\"ef9ce9a\" data-element_type=\"section\">\n\t\t\t\t\t\t<div class=\"elementor-container elementor-column-gap-default\">\n\t\t\t\t\t<div class=\"elementor-column elementor-col-100 elementor-top-column elementor-element elementor-element-04d5ea8\" data-id=\"04d5ea8\" data-element_type=\"column\">\n\t\t\t<div class=\"elementor-widget-wrap elementor-element-populated\">\n\t\t\t\t\t\t<div class=\"elementor-element elementor-element-4690e4a elementor-widget elementor-widget-spacer\" data-id=\"4690e4a\" data-element_type=\"widget\" data-widget_type=\"spacer.default\">\n\t\t\t\t<div class=\"elementor-widget-container\">\n\t\t\t\t\t<div class=\"elementor-spacer\">\n\t\t\t<div class=\"elementor-spacer-inner\"><\/div>\n\t\t<\/div>\n\t\t\t\t<\/div>\n\t\t\t\t<\/div>\n\t\t\t\t\t<\/div>\n\t\t<\/div>\n\t\t\t\t\t<\/div>\n\t\t<\/section>\n\t\t\t\t<section class=\"elementor-section elementor-top-section elementor-element elementor-element-60d1cb5 elementor-section-boxed elementor-section-height-default elementor-section-height-default\" data-id=\"60d1cb5\" data-element_type=\"section\">\n\t\t\t\t\t\t<div class=\"elementor-container elementor-column-gap-default\">\n\t\t\t\t\t<div class=\"elementor-column elementor-col-100 elementor-top-column elementor-element elementor-element-3c762e9\" data-id=\"3c762e9\" data-element_type=\"column\" data-settings=\"{&quot;background_background&quot;:&quot;classic&quot;}\">\n\t\t\t<div class=\"elementor-widget-wrap elementor-element-populated\">\n\t\t\t\t\t\t<div class=\"elementor-element elementor-element-b2ab3a8 elementor-widget elementor-widget-text-editor\" data-id=\"b2ab3a8\" data-element_type=\"widget\" data-widget_type=\"text-editor.default\">\n\t\t\t\t<div class=\"elementor-widget-container\">\n\t\t\t\t\t\t\t<h4><span style=\"color: #000000;\">Les documents ci-dessous vous donneront des pr\u00e9cisions concr\u00e8tes sur les confessions dans nos paroisses<\/span><\/h4>\t\t\t\t\t\t<\/div>\n\t\t\t\t<\/div>\n\t\t\t\t<div class=\"elementor-element elementor-element-c3ed281 elementor-widget elementor-widget-shortcode\" data-id=\"c3ed281\" data-element_type=\"widget\" data-widget_type=\"shortcode.default\">\n\t\t\t\t<div class=\"elementor-widget-container\">\n\t\t\t\t\t<div class=\"elementor-shortcode\"><ul class=\"\"><li><a href=\"http:\/\/massy-verrieres.catho91.fr\/wp-content\/uploads\/2026\/04\/..\/..\/..\/..\/_pdf\/INFOS\/confession\/exemple de document.pdf\"target=\"_blank\"><span class=\"filename\">exemple de document.pdf<\/span><span class=\\\"filesize\\\"> (372.79 Kb)<\/span><\/a><\/li><\/ul><\/div>\n\t\t\t\t<\/div>\n\t\t\t\t<\/div>\n\t\t\t\t\t<\/div>\n\t\t<\/div>\n\t\t\t\t\t<\/div>\n\t\t<\/section>\n\t\t\t\t<section class=\"elementor-section elementor-top-section elementor-element elementor-element-0a7838b elementor-section-boxed elementor-section-height-default elementor-section-height-default\" data-id=\"0a7838b\" data-element_type=\"section\">\n\t\t\t\t\t\t<div class=\"elementor-container elementor-column-gap-default\">\n\t\t\t\t\t<div class=\"elementor-column elementor-col-100 elementor-top-column elementor-element elementor-element-90f799c\" data-id=\"90f799c\" data-element_type=\"column\" data-settings=\"{&quot;background_background&quot;:&quot;classic&quot;}\">\n\t\t\t<div class=\"elementor-widget-wrap elementor-element-populated\">\n\t\t\t\t\t\t<div class=\"elementor-element elementor-element-49cfcb8 elementor-widget elementor-widget-text-editor\" data-id=\"49cfcb8\" data-element_type=\"widget\" data-widget_type=\"text-editor.default\">\n\t\t\t\t<div class=\"elementor-widget-container\">\n\t\t\t\t\t\t\t<h4><span style=\"color: #000000;\">Vous souhaitez laisser un message \u00e0 un pr\u00eatre ou une personne de confiance :<\/span><\/h4>\t\t\t\t\t\t<\/div>\n\t\t\t\t<\/div>\n\t\t\t\t<div class=\"elementor-element elementor-element-d4030a6 e-transform elementor-widget elementor-widget-wp-widget-wpforms-widget\" data-id=\"d4030a6\" data-element_type=\"widget\" data-settings=\"{&quot;_transform_scale_effect&quot;:{&quot;unit&quot;:&quot;px&quot;,&quot;size&quot;:0.8,&quot;sizes&quot;:[]},&quot;_transform_scale_effect_tablet&quot;:{&quot;unit&quot;:&quot;px&quot;,&quot;size&quot;:&quot;&quot;,&quot;sizes&quot;:[]},&quot;_transform_scale_effect_mobile&quot;:{&quot;unit&quot;:&quot;px&quot;,&quot;size&quot;:&quot;&quot;,&quot;sizes&quot;:[]}}\" data-widget_type=\"wp-widget-wpforms-widget.default\">\n\t\t\t\t<div class=\"elementor-widget-container\">\n\t\t\t<div class=\"wpforms-container wpforms-container-full\" id=\"wpforms-2242\"><form id=\"wpforms-form-2242\" class=\"wpforms-validate wpforms-form\" data-formid=\"2242\" method=\"post\" enctype=\"multipart\/form-data\" action=\"\/index.php\/wp-json\/wp\/v2\/pages\/1067\" data-token=\"4611a82087bb6fb7e89cf4e7d16b8212\" data-token-time=\"1777524167\"><noscript class=\"wpforms-error-noscript\">Veuillez activer JavaScript dans votre navigateur pour remplir ce formulaire.<\/noscript><div class=\"wpforms-field-container\"><div id=\"wpforms-2242-field_0-container\" class=\"wpforms-field wpforms-field-name\" data-field-id=\"0\"><label class=\"wpforms-field-label\" for=\"wpforms-2242-field_0\">Votre identit\u00e9 <span class=\"wpforms-required-label\">*<\/span><\/label><div class=\"wpforms-field-row wpforms-field-medium\"><div class=\"wpforms-field-row-block wpforms-first wpforms-one-half\"><input type=\"text\" id=\"wpforms-2242-field_0\" class=\"wpforms-field-name-first wpforms-field-required\" name=\"wpforms[fields][0][first]\" required><label for=\"wpforms-2242-field_0\" class=\"wpforms-field-sublabel after\">Pr\u00e9nom<\/label><\/div><div class=\"wpforms-field-row-block wpforms-one-half\"><input type=\"text\" id=\"wpforms-2242-field_0-last\" class=\"wpforms-field-name-last wpforms-field-required\" name=\"wpforms[fields][0][last]\" required><label for=\"wpforms-2242-field_0-last\" class=\"wpforms-field-sublabel after\">Nom<\/label><\/div><\/div><\/div><div id=\"wpforms-2242-field_4-container\" class=\"wpforms-field wpforms-field-text\" data-field-id=\"4\"><label class=\"wpforms-field-label\" for=\"wpforms-2242-field_4\">Votre adresse email ou votre num\u00e9ro de t\u00e9l\u00e9phone<\/label><input type=\"text\" id=\"wpforms-2242-field_4\" class=\"wpforms-field-medium\" name=\"wpforms[fields][4]\" ><\/div><div id=\"wpforms-2242-field_3-container\" class=\"wpforms-field wpforms-field-select wpforms-field-select-style-classic\" data-field-id=\"3\"><label class=\"wpforms-field-label\" for=\"wpforms-2242-field_3\">Pr\u00e9cisez votre paroisse <span class=\"wpforms-required-label\">*<\/span><\/label><select id=\"wpforms-2242-field_3\" class=\"wpforms-field-medium wpforms-field-required\" name=\"wpforms[fields][3]\" required=\"required\"><option value=\"--- entrez le nom de votre paroisse ---\" >--- entrez le nom de votre paroisse ---<\/option><option value=\"Verri\u00e8res le Buisson\" >Verri\u00e8res le Buisson<\/option><option value=\"Massy - Sainte Marie Madeleine\" >Massy - Sainte Marie Madeleine<\/option><option value=\"Massy - Saint Paul\" >Massy - Saint Paul<\/option><option value=\"Massy - Saint Esprit\" >Massy - Saint Esprit<\/option><\/select><\/div><div id=\"wpforms-2242-field_2-container\" class=\"wpforms-field wpforms-field-textarea\" data-field-id=\"2\"><label class=\"wpforms-field-label\" for=\"wpforms-2242-field_2\">Votre message <span class=\"wpforms-required-label\">*<\/span><\/label><textarea id=\"wpforms-2242-field_2\" class=\"wpforms-field-medium wpforms-field-required\" name=\"wpforms[fields][2]\" required><\/textarea><\/div><\/div><!-- .wpforms-field-container --><div class=\"wpforms-recaptcha-container wpforms-is-recaptcha wpforms-is-recaptcha-type-v2\" ><div class=\"g-recaptcha\" data-sitekey=\"6LfMxf8ZAAAAADaD_41itEi-GdfkI-U3M_DndmLY\"><\/div><input type=\"text\" name=\"g-recaptcha-hidden\" class=\"wpforms-recaptcha-hidden\" style=\"position:absolute!important;clip:rect(0,0,0,0)!important;height:1px!important;width:1px!important;border:0!important;overflow:hidden!important;padding:0!important;margin:0!important;\" data-rule-recaptcha=\"1\"><\/div><div class=\"wpforms-submit-container\" ><input type=\"hidden\" name=\"wpforms[id]\" value=\"2242\"><input type=\"hidden\" name=\"page_title\" value=\"\"><input type=\"hidden\" name=\"page_url\" value=\"https:\/\/massy-verrieres.catho91.fr\/index.php\/wp-json\/wp\/v2\/pages\/1067\"><button type=\"submit\" name=\"wpforms[submit]\" id=\"wpforms-submit-2242\" class=\"wpforms-submit\" data-alt-text=\"Envoi en cours ...\" data-submit-text=\"Envoyer le message\" aria-live=\"assertive\" value=\"wpforms-submit\">Envoyer le message<\/button><\/div><\/form><\/div>  <!-- .wpforms-container -->\t\t<\/div>\n\t\t\t\t<\/div>\n\t\t\t\t\t<\/div>\n\t\t<\/div>\n\t\t\t\t\t<\/div>\n\t\t<\/section>\n\t\t\t\t<section class=\"elementor-section elementor-top-section elementor-element elementor-element-5ed4167 elementor-section-boxed elementor-section-height-default elementor-section-height-default\" data-id=\"5ed4167\" data-element_type=\"section\">\n\t\t\t\t\t\t<div class=\"elementor-container elementor-column-gap-default\">\n\t\t\t\t\t<div class=\"elementor-column elementor-col-100 elementor-top-column elementor-element elementor-element-326ced8\" data-id=\"326ced8\" data-element_type=\"column\">\n\t\t\t<div class=\"elementor-widget-wrap elementor-element-populated\">\n\t\t\t\t\t\t<div class=\"elementor-element elementor-element-d0ba2f7 elementor-widget-divider--view-line elementor-widget elementor-widget-divider\" data-id=\"d0ba2f7\" data-element_type=\"widget\" data-widget_type=\"divider.default\">\n\t\t\t\t<div class=\"elementor-widget-container\">\n\t\t\t\t\t<div class=\"elementor-divider\">\n\t\t\t<span class=\"elementor-divider-separator\">\n\t\t\t\t\t\t<\/span>\n\t\t<\/div>\n\t\t\t\t<\/div>\n\t\t\t\t<\/div>\n\t\t\t\t<div class=\"elementor-element elementor-element-33e62da elementor-widget elementor-widget-heading\" data-id=\"33e62da\" data-element_type=\"widget\" data-widget_type=\"heading.default\">\n\t\t\t\t<div class=\"elementor-widget-container\">\n\t\t\t<h2 class=\"elementor-heading-title elementor-size-default\"><a href=\"http:\/\/massy-verrieres.catho91.fr\/index.php\/vie_de_foi\/\">Retour aux \u00e9tapes de la vie de foi<\/a><\/h2>\t\t<\/div>\n\t\t\t\t<\/div>\n\t\t\t\t\t<\/div>\n\t\t<\/div>\n\t\t\t\t\t<\/div>\n\t\t<\/section>\n\t\t\t\t<\/div>\n\t\t","protected":false},"excerpt":{"rendered":"<p>Les \u00e9tapes dela vie de foi La R\u00e9conciliation Ayant ainsi parl\u00e9, il souffla sur eux et il leur dit : \u00ab Recevez l&#8217;Esprit Saint. \u00c0 qui vous remettrez ses p\u00e9ch\u00e9s, ils seront remis ; \u00e0 qui vous maintiendrez ses p\u00e9ch\u00e9s, ils seront maintenus. \u00bb (Jn 20, 21-23) La confession (ou la r\u00e9conciliation) doit commencer par &hellip;<\/p>\n<p class=\"read-more\"> <a class=\"\" href=\"https:\/\/massy-verrieres.catho91.fr\/index.php\/confession\/\"> <span class=\"screen-reader-text\">Confession<\/span> Lire la suite \u00bb<\/a><\/p>\n","protected":false},"author":1,"featured_media":0,"parent":0,"menu_order":0,"comment_status":"closed","ping_status":"closed","template":"","meta":{"_mc_calendar":[],"footnotes":""},"_links":{"self":[{"href":"https:\/\/massy-verrieres.catho91.fr\/index.php\/wp-json\/wp\/v2\/pages\/1067"}],"collection":[{"href":"https:\/\/massy-verrieres.catho91.fr\/index.php\/wp-json\/wp\/v2\/pages"}],"about":[{"href":"https:\/\/massy-verrieres.catho91.fr\/index.php\/wp-json\/wp\/v2\/types\/page"}],"author":[{"embeddable":true,"href":"https:\/\/massy-verrieres.catho91.fr\/index.php\/wp-json\/wp\/v2\/users\/1"}],"replies":[{"embeddable":true,"href":"https:\/\/massy-verrieres.catho91.fr\/index.php\/wp-json\/wp\/v2\/comments?post=1067"}],"version-history":[{"count":48,"href":"https:\/\/massy-verrieres.catho91.fr\/index.php\/wp-json\/wp\/v2\/pages\/1067\/revisions"}],"predecessor-version":[{"id":5100,"href":"https:\/\/massy-verrieres.catho91.fr\/index.php\/wp-json\/wp\/v2\/pages\/1067\/revisions\/5100"}],"wp:attachment":[{"href":"https:\/\/massy-verrieres.catho91.fr\/index.php\/wp-json\/wp\/v2\/media?parent=1067"}],"curies":[{"name":"wp","href":"https:\/\/api.w.org\/{rel}","templated":true}]}}